{"id":4948,"date":"2022-08-02T09:26:19","date_gmt":"2022-08-02T07:26:19","guid":{"rendered":"https:\/\/bio-senf.ch\/a-propos-de-moi\/"},"modified":"2022-08-02T09:26:43","modified_gmt":"2022-08-02T07:26:43","slug":"a-propos-de-moi","status":"publish","type":"page","link":"https:\/\/bio-senf.ch\/fr\/histoire\/a-propos-de-moi\/","title":{"rendered":"\u00e0 propos de moi"},"content":{"rendered":"<section class='av_textblock_section av-9k51b-2117f8c90b387fbc6ba5e570cfaaab52 ' itemscope=\"itemscope\" itemtype=\"https:\/\/schema.org\/CreativeWork\" ><div class='avia_textblock' itemprop=\"text\" ><p><span style=\"text-decoration: underline;\"><br \/>\n <strong><br \/>\n <span style=\"font-size: large; color: #339966; text-decoration: underline;\">BIO-SENF est certifi\u00e9e Bourgeon<\/span><br \/>\n <\/strong><br \/>\n<\/span>&#8211; depuis le 23.01.2014<\/p>\n<p><span style=\"font-size: medium;\">En 1997, j&rsquo;ai commenc\u00e9 \u00e0 produire de la moutarde maison. Dans la famille et les connaissances, mes pots \u00e0 moutarde \u00e9taient des cadeaux d&rsquo;invit\u00e9s tr\u00e8s appr\u00e9ci\u00e9s. Encourag\u00e9 par ces personnes, j&rsquo;ai fourni la fromagerie de Belp et une boutique de cadeaux avec six vari\u00e9t\u00e9s.<\/span><\/p>\n<p><span style=\"font-size: medium;\">Apr\u00e8s mon d\u00e9m\u00e9nagement \u00e0 Zofingue, mon offre s&rsquo;est \u00e9largie \u00e0 plus de dix vari\u00e9t\u00e9s. Aujourd&rsquo;hui, la client\u00e8le de Zofingue peut se procurer tous les <a href=\"https:\/\/bio-senf.ch\/?lang=fr\" target=\"_blank\" rel=\"noopener\">moutards bio<\/a>au magasin Genuss dans la halle du march\u00e9 ou \u00e0 mon stand du march\u00e9 aux l\u00e9gumes du samedi. <\/span><span style=\"font-size: medium;\">Les premiers clients ont demand\u00e9 des vari\u00e9t\u00e9s sp\u00e9ciales, que j&rsquo;ai int\u00e9gr\u00e9es \u00e0 mon programme peu de temps apr\u00e8s. Depuis le d\u00e9but, j&rsquo;utilise du vinaigre bio non clarifi\u00e9 pour ma moutarde. C&rsquo;est-\u00e0-dire qu&rsquo;\u00e0 l&rsquo;exception de la moutarde au miel, toutes les vari\u00e9t\u00e9s \u00e9taient d\u00e8s le d\u00e9but <strong><br \/>\n <span style=\"color: #339966;\">VEGAN<\/span><br \/>\n<\/strong>.<br \/>\n<\/span><\/p>\n<p><span style=\"font-size: medium;\">Depuis janvier 2010, je suis pr\u00e9sent avec mes moutardes sur le march\u00e9 du samedi de Zofingue. Certaines clientes ont demand\u00e9 de la moutarde bio. Ce d\u00e9fi \u00e9tait plus important que le d\u00e9veloppement de nouvelles vari\u00e9t\u00e9s. En effet, tous les aliments bio qui entrent dans la composition de mes moutardes bio doivent provenir de producteurs qui sont \u00e9galement certifi\u00e9s Bourgeon.<\/span><\/p>\n<p><span style=\"font-size: medium;\">En 2013, j&rsquo;ai trouv\u00e9 un organisme de certification (Bio Test Agro AG) qui m&rsquo;a guid\u00e9 dans le processus de certification. <\/span><span style=\"font-size: medium;\">Depuis le <strong><span style=\"color: #339966;\">23.01.2014<\/span> <\/strong>tous les <strong><span style=\"color: #339966;\">Moutarde bio<\/span> <\/strong>avec le <span style=\"color: #339966;\"><strong>Bourgeon<\/strong><\/span> <strong><span style=\"color: #339966;\">excellent<\/span><\/strong>!<\/span><\/p>\n<p><span style=\"font-size: medium;\">Aujourd&rsquo;hui, je peux vous proposer <strong><br \/>\n <span style=\"color: #ff0000;\">plus de 25 vari\u00e9t\u00e9s de moutarde bio<\/span><br \/>\n<\/strong> proposer. Toutes les vari\u00e9t\u00e9s sont produites en petites portions dans nos locaux. Ils sont soumis \u00e0 des normes de qualit\u00e9 strictes de l&rsquo;organisme de certification et de Bio Suisse et, bien entendu, aux prescriptions l\u00e9gales.<\/span><\/p>\n<p><span style=\"font-size: medium;\">Aujourd&rsquo;hui sont <strong><br \/>\n <span style=\"color: #339966;\">TOUTES les moutardes bio sans sucre cristallis\u00e9 ajout\u00e9<\/span><br \/>\n<\/strong> sont fabriqu\u00e9es !<br \/>\n<\/span><span style=\"font-size: 12pt;\" data-offset-key=\"73l5p-0-2\">Diff\u00e9rentes cuisines y trouvent leur assaisonnement id\u00e9al : les v\u00e9g\u00e9tariens ainsi que les mangeurs de viande ; la cuisine crue et les v\u00e9g\u00e9taliens. En effet, le vinaigre de pomme ou de poire de ma moutarde bio n&rsquo;est JAMAIS chauff\u00e9 ni filtr\u00e9 pendant toute la dur\u00e9e de son \u00e9laboration !<br \/>\nSi des amateurs de crudit\u00e9s commandent, je vous demande de patienter. Je ne produis ces moutardes que sur commande. En effet, les jus de fruits doivent d&rsquo;abord \u00eatre fra\u00eechement press\u00e9s.<\/span><\/p>\n<p><span style=\"font-size: medium;\">Vous trouverez tous mes produits dans la boutique en ligne, dans <a href=\"https:\/\/bio-senf.ch\/maerkte\/\">des points de vente<\/a> peut-\u00eatre proches de chez vous ou sur le <a href=\"https:\/\/bio-senf.ch\/maerkte\/\" target=\"_blank\" rel=\"noopener\"><span style=\"color: #008000;\">March\u00e9 aux l\u00e9gumes<\/span><\/a><\/span><span style=\"font-size: medium;\"><span style=\"color: #008000;\">t <\/span>le samedi dans et autour du <span style=\"color: #ff0000;\">march\u00e9 couvert<\/span> <span style=\"color: #ff0000;\">de Zofingue<\/span> (Argovie).<br \/>\n<\/span><\/p>\n<\/div><\/section>\n","protected":false},"excerpt":{"rendered":"","protected":false},"author":3,"featured_media":0,"parent":4956,"menu_order":1,"comment_status":"closed","ping_status":"closed","template":"","meta":{"footnotes":""},"class_list":["post-4948","page","type-page","status-publish","hentry"],"yoast_head":"<!-- This site is optimized with the Yoast SEO plugin v27.1.1 - https:\/\/yoast.com\/product\/yoast-seo-wordpress\/ -->\n<title>\u00e0 propos de moi - Bio-Senf<\/title>\n<meta name=\"description\" content=\"Plus de 25 vari\u00e9t\u00e9s de moutarde bio sont propos\u00e9es ici. Toutes les vari\u00e9t\u00e9s sont produites en petites portions dans nos locaux.\" \/>\n<meta name=\"robots\" content=\"index, follow, max-snippet:-1, max-image-preview:large, max-video-preview:-1\" \/>\n<link rel=\"canonical\" href=\"https:\/\/bio-senf.ch\/fr\/histoire\/a-propos-de-moi\/\" \/>\n<meta property=\"og:locale\" content=\"fr_FR\" \/>\n<meta property=\"og:type\" content=\"article\" \/>\n<meta property=\"og:title\" content=\"\u00e0 propos de moi - Bio-Senf\" \/>\n<meta property=\"og:description\" content=\"Plus de 25 vari\u00e9t\u00e9s de moutarde bio sont propos\u00e9es ici. Toutes les vari\u00e9t\u00e9s sont produites en petites portions dans nos locaux.\" \/>\n<meta property=\"og:url\" content=\"https:\/\/bio-senf.ch\/fr\/histoire\/a-propos-de-moi\/\" \/>\n<meta property=\"og:site_name\" content=\"Bio-Senf\" \/>\n<meta property=\"article:modified_time\" content=\"2022-08-02T07:26:43+00:00\" \/>\n<meta name=\"twitter:card\" content=\"summary_large_image\" \/>\n<meta name=\"twitter:label1\" content=\"Dur\u00e9e de lecture estim\u00e9e\" \/>\n\t<meta name=\"twitter:data1\" content=\"2 minutes\" \/>\n<script type=\"application\/ld+json\" class=\"yoast-schema-graph\">{\"@context\":\"https:\/\/schema.org\",\"@graph\":[{\"@type\":\"WebPage\",\"@id\":\"https:\/\/bio-senf.ch\/fr\/histoire\/a-propos-de-moi\/\",\"url\":\"https:\/\/bio-senf.ch\/fr\/histoire\/a-propos-de-moi\/\",\"name\":\"\u00e0 propos de moi - Bio-Senf\",\"isPartOf\":{\"@id\":\"https:\/\/bio-senf.ch\/fr\/#website\"},\"datePublished\":\"2022-08-02T07:26:19+00:00\",\"dateModified\":\"2022-08-02T07:26:43+00:00\",\"description\":\"Plus de 25 vari\u00e9t\u00e9s de moutarde bio sont propos\u00e9es ici. Toutes les vari\u00e9t\u00e9s sont produites en petites portions dans nos locaux.\",\"breadcrumb\":{\"@id\":\"https:\/\/bio-senf.ch\/fr\/histoire\/a-propos-de-moi\/#breadcrumb\"},\"inLanguage\":\"fr-FR\",\"potentialAction\":[{\"@type\":\"ReadAction\",\"target\":[\"https:\/\/bio-senf.ch\/fr\/histoire\/a-propos-de-moi\/\"]}]},{\"@type\":\"BreadcrumbList\",\"@id\":\"https:\/\/bio-senf.ch\/fr\/histoire\/a-propos-de-moi\/#breadcrumb\",\"itemListElement\":[{\"@type\":\"ListItem\",\"position\":1,\"name\":\"Startseite\",\"item\":\"https:\/\/bio-senf.ch\/fr\/\"},{\"@type\":\"ListItem\",\"position\":2,\"name\":\"Histoire\",\"item\":\"https:\/\/bio-senf.ch\/fr\/histoire\/?lang=fr\"},{\"@type\":\"ListItem\",\"position\":3,\"name\":\"\u00e0 propos de moi\"}]},{\"@type\":\"WebSite\",\"@id\":\"https:\/\/bio-senf.ch\/fr\/#website\",\"url\":\"https:\/\/bio-senf.ch\/fr\/\",\"name\":\"Bio-Senf\",\"description\":\"Wir geben \u00fcberall unseren Senf dazu\",\"potentialAction\":[{\"@type\":\"SearchAction\",\"target\":{\"@type\":\"EntryPoint\",\"urlTemplate\":\"https:\/\/bio-senf.ch\/fr\/?s={search_term_string}\"},\"query-input\":{\"@type\":\"PropertyValueSpecification\",\"valueRequired\":true,\"valueName\":\"search_term_string\"}}],\"inLanguage\":\"fr-FR\"}]}<\/script>\n<!-- \/ Yoast SEO plugin. -->","yoast_head_json":{"title":"\u00e0 propos de moi - Bio-Senf","description":"Plus de 25 vari\u00e9t\u00e9s de moutarde bio sont propos\u00e9es ici. Toutes les vari\u00e9t\u00e9s sont produites en petites portions dans nos locaux.","robots":{"index":"index","follow":"follow","max-snippet":"max-snippet:-1","max-image-preview":"max-image-preview:large","max-video-preview":"max-video-preview:-1"},"canonical":"https:\/\/bio-senf.ch\/fr\/histoire\/a-propos-de-moi\/","og_locale":"fr_FR","og_type":"article","og_title":"\u00e0 propos de moi - Bio-Senf","og_description":"Plus de 25 vari\u00e9t\u00e9s de moutarde bio sont propos\u00e9es ici. Toutes les vari\u00e9t\u00e9s sont produites en petites portions dans nos locaux.","og_url":"https:\/\/bio-senf.ch\/fr\/histoire\/a-propos-de-moi\/","og_site_name":"Bio-Senf","article_modified_time":"2022-08-02T07:26:43+00:00","twitter_card":"summary_large_image","twitter_misc":{"Dur\u00e9e de lecture estim\u00e9e":"2 minutes"},"schema":{"@context":"https:\/\/schema.org","@graph":[{"@type":"WebPage","@id":"https:\/\/bio-senf.ch\/fr\/histoire\/a-propos-de-moi\/","url":"https:\/\/bio-senf.ch\/fr\/histoire\/a-propos-de-moi\/","name":"\u00e0 propos de moi - Bio-Senf","isPartOf":{"@id":"https:\/\/bio-senf.ch\/fr\/#website"},"datePublished":"2022-08-02T07:26:19+00:00","dateModified":"2022-08-02T07:26:43+00:00","description":"Plus de 25 vari\u00e9t\u00e9s de moutarde bio sont propos\u00e9es ici. Toutes les vari\u00e9t\u00e9s sont produites en petites portions dans nos locaux.","breadcrumb":{"@id":"https:\/\/bio-senf.ch\/fr\/histoire\/a-propos-de-moi\/#breadcrumb"},"inLanguage":"fr-FR","potentialAction":[{"@type":"ReadAction","target":["https:\/\/bio-senf.ch\/fr\/histoire\/a-propos-de-moi\/"]}]},{"@type":"BreadcrumbList","@id":"https:\/\/bio-senf.ch\/fr\/histoire\/a-propos-de-moi\/#breadcrumb","itemListElement":[{"@type":"ListItem","position":1,"name":"Startseite","item":"https:\/\/bio-senf.ch\/fr\/"},{"@type":"ListItem","position":2,"name":"Histoire","item":"https:\/\/bio-senf.ch\/fr\/histoire\/?lang=fr"},{"@type":"ListItem","position":3,"name":"\u00e0 propos de moi"}]},{"@type":"WebSite","@id":"https:\/\/bio-senf.ch\/fr\/#website","url":"https:\/\/bio-senf.ch\/fr\/","name":"Bio-Senf","description":"Wir geben \u00fcberall unseren Senf dazu","potentialAction":[{"@type":"SearchAction","target":{"@type":"EntryPoint","urlTemplate":"https:\/\/bio-senf.ch\/fr\/?s={search_term_string}"},"query-input":{"@type":"PropertyValueSpecification","valueRequired":true,"valueName":"search_term_string"}}],"inLanguage":"fr-FR"}]}},"_links":{"self":[{"href":"https:\/\/bio-senf.ch\/fr\/wp-json\/wp\/v2\/pages\/4948","targetHints":{"allow":["GET"]}}],"collection":[{"href":"https:\/\/bio-senf.ch\/fr\/wp-json\/wp\/v2\/pages"}],"about":[{"href":"https:\/\/bio-senf.ch\/fr\/wp-json\/wp\/v2\/types\/page"}],"author":[{"embeddable":true,"href":"https:\/\/bio-senf.ch\/fr\/wp-json\/wp\/v2\/users\/3"}],"replies":[{"embeddable":true,"href":"https:\/\/bio-senf.ch\/fr\/wp-json\/wp\/v2\/comments?post=4948"}],"version-history":[{"count":2,"href":"https:\/\/bio-senf.ch\/fr\/wp-json\/wp\/v2\/pages\/4948\/revisions"}],"predecessor-version":[{"id":4966,"href":"https:\/\/bio-senf.ch\/fr\/wp-json\/wp\/v2\/pages\/4948\/revisions\/4966"}],"up":[{"embeddable":true,"href":"https:\/\/bio-senf.ch\/fr\/wp-json\/wp\/v2\/pages\/4956"}],"wp:attachment":[{"href":"https:\/\/bio-senf.ch\/fr\/wp-json\/wp\/v2\/media?parent=4948"}],"curies":[{"name":"wp","href":"https:\/\/api.w.org\/{rel}","templated":true}]}}

à propos de moi

<section class='av_textblock_section av-9k51b-2117f8c90b387fbc6ba5e570cfaaab52 ' itemscope="itemscope" itemtype="https://schema.org/CreativeWork" ><div class='avia_textblock' itemprop="text" ><p><span style="text-decoration: underline;"><br />
 <strong><br />
 <span style="font-size: large; color: #339966; text-decoration: underline;">BIO-SENF est certifiée Bourgeon</span><br />
 </strong><br />
</span>&#8211; depuis le 23.01.2014</p>
<p><span style="font-size: medium;">En 1997, j&rsquo;ai commencé à produire de la moutarde maison. Dans la famille et les connaissances, mes pots à moutarde étaient des cadeaux d&rsquo;invités très appréciés. Encouragé par ces personnes, j&rsquo;ai fourni la fromagerie de Belp et une boutique de cadeaux avec six variétés.</span></p>
<p><span style="font-size: medium;">Après mon déménagement à Zofingue, mon offre s&rsquo;est élargie à plus de dix variétés. Aujourd&rsquo;hui, la clientèle de Zofingue peut se procurer tous les <a href="https://bio-senf.ch/?lang=fr" target="_blank" rel="noopener">moutards bio</a>au magasin Genuss dans la halle du marché ou à mon stand du marché aux légumes du samedi. </span><span style="font-size: medium;">Les premiers clients ont demandé des variétés spéciales, que j&rsquo;ai intégrées à mon programme peu de temps après. Depuis le début, j&rsquo;utilise du vinaigre bio non clarifié pour ma moutarde. C&rsquo;est-à-dire qu&rsquo;à l&rsquo;exception de la moutarde au miel, toutes les variétés étaient dès le début <strong><br />
 <span style="color: #339966;">VEGAN</span><br />
</strong>.<br />
</span></p>
<p><span style="font-size: medium;">Depuis janvier 2010, je suis présent avec mes moutardes sur le marché du samedi de Zofingue. Certaines clientes ont demandé de la moutarde bio. Ce défi était plus important que le développement de nouvelles variétés. En effet, tous les aliments bio qui entrent dans la composition de mes moutardes bio doivent provenir de producteurs qui sont également certifiés Bourgeon.</span></p>
<p><span style="font-size: medium;">En 2013, j&rsquo;ai trouvé un organisme de certification (Bio Test Agro AG) qui m&rsquo;a guidé dans le processus de certification. </span><span style="font-size: medium;">Depuis le <strong><span style="color: #339966;">23.01.2014</span> </strong>tous les <strong><span style="color: #339966;">Moutarde bio</span> </strong>avec le <span style="color: #339966;"><strong>Bourgeon</strong></span> <strong><span style="color: #339966;">excellent</span></strong>!</span></p>
<p><span style="font-size: medium;">Aujourd&rsquo;hui, je peux vous proposer <strong><br />
 <span style="color: #ff0000;">plus de 25 variétés de moutarde bio</span><br />
</strong> proposer. Toutes les variétés sont produites en petites portions dans nos locaux. Ils sont soumis à des normes de qualité strictes de l&rsquo;organisme de certification et de Bio Suisse et, bien entendu, aux prescriptions légales.</span></p>
<p><span style="font-size: medium;">Aujourd&rsquo;hui sont <strong><br />
 <span style="color: #339966;">TOUTES les moutardes bio sans sucre cristallisé ajouté</span><br />
</strong> sont fabriquées !<br />
</span><span style="font-size: 12pt;" data-offset-key="73l5p-0-2">Différentes cuisines y trouvent leur assaisonnement idéal : les végétariens ainsi que les mangeurs de viande ; la cuisine crue et les végétaliens. En effet, le vinaigre de pomme ou de poire de ma moutarde bio n&rsquo;est JAMAIS chauffé ni filtré pendant toute la durée de son élaboration !<br />
Si des amateurs de crudités commandent, je vous demande de patienter. Je ne produis ces moutardes que sur commande. En effet, les jus de fruits doivent d&rsquo;abord être fraîchement pressés.</span></p>
<p><span style="font-size: medium;">Vous trouverez tous mes produits dans la boutique en ligne, dans <a href="https://bio-senf.ch/maerkte/">des points de vente</a> peut-être proches de chez vous ou sur le <a href="https://bio-senf.ch/maerkte/" target="_blank" rel="noopener"><span style="color: #008000;">Marché aux légumes</span></a></span><span style="font-size: medium;"><span style="color: #008000;">t </span>le samedi dans et autour du <span style="color: #ff0000;">marché couvert</span> <span style="color: #ff0000;">de Zofingue</span> (Argovie).<br />
</span></p>
</div></section>

<!-- This site is optimized with the Yoast SEO plugin v27.1.1 - https://yoast.com/product/yoast-seo-wordpress/ -->
<title>à propos de moi - Bio-Senf</title>
<meta name="description" content="Plus de 25 variétés de moutarde bio sont proposées ici. Toutes les variétés sont produites en petites portions dans nos locaux." />
<meta name="robots" content="index, follow, max-snippet:-1, max-image-preview:large, max-video-preview:-1" />
<link rel="canonical" href="https://bio-senf.ch/fr/histoire/a-propos-de-moi/" />
<meta property="og:locale" content="fr_FR" />
<meta property="og:type" content="article" />
<meta property="og:title" content="à propos de moi - Bio-Senf" />
<meta property="og:description" content="Plus de 25 variétés de moutarde bio sont proposées ici. Toutes les variétés sont produites en petites portions dans nos locaux." />
<meta property="og:url" content="https://bio-senf.ch/fr/histoire/a-propos-de-moi/" />
<meta property="og:site_name" content="Bio-Senf" />
<meta property="article:modified_time" content="2022-08-02T07:26:43+00:00" />
<meta name="twitter:card" content="summary_large_image" />
<meta name="twitter:label1" content="Durée de lecture estimée" />
	<meta name="twitter:data1" content="2 minutes" />
<script type="application/ld+json" class="yoast-schema-graph">{"@context":"https://schema.org","@graph":[{"@type":"WebPage","@id":"https://bio-senf.ch/fr/histoire/a-propos-de-moi/","url":"https://bio-senf.ch/fr/histoire/a-propos-de-moi/","name":"à propos de moi - Bio-Senf","isPartOf":{"@id":"https://bio-senf.ch/fr/#website"},"datePublished":"2022-08-02T07:26:19+00:00","dateModified":"2022-08-02T07:26:43+00:00","description":"Plus de 25 variétés de moutarde bio sont proposées ici. Toutes les variétés sont produites en petites portions dans nos locaux.","breadcrumb":{"@id":"https://bio-senf.ch/fr/histoire/a-propos-de-moi/#breadcrumb"},"inLanguage":"fr-FR","potentialAction":[{"@type":"ReadAction","target":["https://bio-senf.ch/fr/histoire/a-propos-de-moi/"]}]},{"@type":"BreadcrumbList","@id":"https://bio-senf.ch/fr/histoire/a-propos-de-moi/#breadcrumb","itemListElement":[{"@type":"ListItem","position":1,"name":"Startseite","item":"https://bio-senf.ch/fr/"},{"@type":"ListItem","position":2,"name":"Histoire","item":"https://bio-senf.ch/fr/histoire/?lang=fr"},{"@type":"ListItem","position":3,"name":"à propos de moi"}]},{"@type":"WebSite","@id":"https://bio-senf.ch/fr/#website","url":"https://bio-senf.ch/fr/","name":"Bio-Senf","description":"Wir geben überall unseren Senf dazu","potentialAction":[{"@type":"SearchAction","target":{"@type":"EntryPoint","urlTemplate":"https://bio-senf.ch/fr/?s={search_term_string}"},"query-input":{"@type":"PropertyValueSpecification","valueRequired":true,"valueName":"search_term_string"}}],"inLanguage":"fr-FR"}]}</script>
<!-- / Yoast SEO plugin. -->

à propos de moi - Bio-Senf

Plus de 25 variétés de moutarde bio sont proposées ici. Toutes les variétés sont produites en petites portions dans nos locaux.

Wir geben überall unseren Senf dazu
